{"id":9588,"date":"2024-07-29T02:05:35","date_gmt":"2024-07-28T19:05:35","guid":{"rendered":"https:\/\/premiumshopclt.com\/?page_id=9588"},"modified":"2025-11-11T16:10:48","modified_gmt":"2025-11-11T13:10:48","slug":"about-2-2","status":"publish","type":"page","link":"https:\/\/premiumshopclt.com\/?page_id=9588","title":{"rendered":"About Us"},"content":{"rendered":"\t\t<div data-elementor-type=\"wp-page\" data-elementor-id=\"9588\" class=\"elementor elementor-9588\">\n\t\t\t\t<div class=\"elementor-element elementor-element-6e03cbd7 e-flex e-con-boxed e-con e-parent\" data-id=\"6e03cbd7\" data-element_type=\"container\">\n\t\t\t\t\t<div class=\"e-con-inner\">\n\t\t\t\t<div class=\"elementor-element elementor-element-3af65a1 elementor-widget__width-inherit elementor-widget elementor-widget-heading\" data-id=\"3af65a1\" data-element_type=\"widget\" data-widget_type=\"heading.default\">\n\t\t\t\t\t<h2 class=\"elementor-heading-title elementor-size-default\">Cine suntem<\/h2>\t\t\t\t<\/div>\n\t\t\t\t<div class=\"elementor-element elementor-element-6029ef4f elementor-widget__width-inherit elementor-widget elementor-widget-text-editor\" data-id=\"6029ef4f\" data-element_type=\"widget\" data-widget_type=\"text-editor.default\">\n\t\t\t\t\t\t\t\t\t<p data-start=\"730\" data-end=\"1031\">Bine ai venit la <strong data-start=\"767\" data-end=\"787\">Premium Shop CLT<\/strong> \u2013 magazinul online unde g\u0103se\u015fti produse diverse, la pre\u0163uri mici \u015fi cu oferte speciale \u00een fiecare s\u0103pt\u0103m\u00e2n\u0103. Suntem prezen\u0163i pe pia\u0163a din Rom\u00e2nia cu un singur scop: s\u0103 \u00ee\u0163i oferim un mod rapid, sigur \u015fi avantajos de a face cump\u0103r\u0103turi online.<\/p><p>\u00a0<\/p><p data-start=\"1038\" data-end=\"1281\"><strong data-start=\"1038\" data-end=\"1058\">Misiunea noastr\u0103<\/strong><br data-start=\"1058\" data-end=\"1061\" \/>Ne dorim s\u0103 transform\u0103m experien\u0163a de cump\u0103rare online \u00eentr-una simpl\u0103, pl\u0103cut\u0103 \u015fi cu surprize pl\u0103cute: de la gadgeturi, accesorii pentru cas\u0103, p\u00e2n\u0103 la cadouri \u015fi articole pentru hobby-uri \u2014 toate \u00eentr-un singur loc.<\/p>\t\t\t\t\t\t\t\t<\/div>\n\t\t<div class=\"elementor-element elementor-element-1b4fe151 e-con-full e-flex e-con e-child\" data-id=\"1b4fe151\" data-element_type=\"container\">\n\t\t\t\t<div class=\"elementor-element elementor-element-1c17224a elementor-widget-tablet_extra__width-initial elementor-widget-mobile__width-inherit elementor-widget elementor-widget-counter\" data-id=\"1c17224a\" data-element_type=\"widget\" data-widget_type=\"counter.default\">\n\t\t\t\t\t\t\t<div class=\"elementor-counter\">\n\t\t\t<div class=\"elementor-counter-title\">years of experience in the clothing industry<\/div>\t\t\t<div class=\"elementor-counter-number-wrapper\">\n\t\t\t\t<span class=\"elementor-counter-number-prefix\"><\/span>\n\t\t\t\t<span class=\"elementor-counter-number\" data-duration=\"2000\" data-to-value=\"1\" data-from-value=\"0\" data-delimiter=\",\">0<\/span>\n\t\t\t\t<span class=\"elementor-counter-number-suffix\"><\/span>\n\t\t\t<\/div>\n\t\t<\/div>\n\t\t\t\t\t\t<\/div>\n\t\t\t\t<\/div>\n\t\t<div class=\"elementor-element elementor-element-2c245cf3 e-con-full e-flex e-con e-child\" data-id=\"2c245cf3\" data-element_type=\"container\">\n\t\t\t\t<div class=\"elementor-element elementor-element-591ba549 elementor-widget__width-initial elementor-widget-mobile__width-inherit elementor-widget elementor-widget-counter\" data-id=\"591ba549\" data-element_type=\"widget\" data-widget_type=\"counter.default\">\n\t\t\t\t\t\t\t<div class=\"elementor-counter\">\n\t\t\t<div class=\"elementor-counter-title\">Comenzi primite<\/div>\t\t\t<div class=\"elementor-counter-number-wrapper\">\n\t\t\t\t<span class=\"elementor-counter-number-prefix\">+<\/span>\n\t\t\t\t<span class=\"elementor-counter-number\" data-duration=\"2000\" data-to-value=\"200\" data-from-value=\"0\" data-delimiter=\",\">0<\/span>\n\t\t\t\t<span class=\"elementor-counter-number-suffix\"><\/span>\n\t\t\t<\/div>\n\t\t<\/div>\n\t\t\t\t\t\t<\/div>\n\t\t\t\t<\/div>\n\t\t<div class=\"elementor-element elementor-element-37352a57 e-con-full e-flex e-con e-child\" data-id=\"37352a57\" data-element_type=\"container\">\n\t\t\t\t<div class=\"elementor-element elementor-element-7d6c7a79 elementor-widget__width-initial elementor-widget-mobile__width-inherit elementor-widget elementor-widget-counter\" data-id=\"7d6c7a79\" data-element_type=\"widget\" data-widget_type=\"counter.default\">\n\t\t\t\t\t\t\t<div class=\"elementor-counter\">\n\t\t\t<div class=\"elementor-counter-title\">Review-uri pozitive<\/div>\t\t\t<div class=\"elementor-counter-number-wrapper\">\n\t\t\t\t<span class=\"elementor-counter-number-prefix\">+<\/span>\n\t\t\t\t<span class=\"elementor-counter-number\" data-duration=\"2000\" data-to-value=\"100\" data-from-value=\"0\" data-delimiter=\",\">0<\/span>\n\t\t\t\t<span class=\"elementor-counter-number-suffix\">M<\/span>\n\t\t\t<\/div>\n\t\t<\/div>\n\t\t\t\t\t\t<\/div>\n\t\t\t\t<\/div>\n\t\t<div class=\"elementor-element elementor-element-1f06e0d2 e-con-full e-flex e-con e-child\" data-id=\"1f06e0d2\" data-element_type=\"container\">\n\t\t\t\t<div class=\"elementor-element elementor-element-19b5842 elementor-widget-tablet_extra__width-initial elementor-widget-mobile__width-inherit elementor-widget elementor-widget-counter\" data-id=\"19b5842\" data-element_type=\"widget\" data-widget_type=\"counter.default\">\n\t\t\t\t\t\t\t<div class=\"elementor-counter\">\n\t\t\t<div class=\"elementor-counter-title\">Clienti ce ne recomanda<\/div>\t\t\t<div class=\"elementor-counter-number-wrapper\">\n\t\t\t\t<span class=\"elementor-counter-number-prefix\"><\/span>\n\t\t\t\t<span class=\"elementor-counter-number\" data-duration=\"2000\" data-to-value=\"98\" data-from-value=\"0\" data-delimiter=\",\">0<\/span>\n\t\t\t\t<span class=\"elementor-counter-number-suffix\">%<\/span>\n\t\t\t<\/div>\n\t\t<\/div>\n\t\t\t\t\t\t<\/div>\n\t\t\t\t<\/div>\n\t\t\t\t\t<\/div>\n\t\t\t\t<\/div>\n\t\t<div class=\"elementor-element elementor-element-1eb0e3bc e-flex e-con-boxed e-con e-parent\" data-id=\"1eb0e3bc\" data-element_type=\"container\">\n\t\t\t\t\t<div class=\"e-con-inner\">\n\t\t\t\t<div class=\"elementor-element elementor-element-13e737f9 elementor-widget__width-initial elementor-widget elementor-widget-heading\" data-id=\"13e737f9\" data-element_type=\"widget\" data-widget_type=\"heading.default\">\n\t\t\t\t\t<h3 class=\"elementor-heading-title elementor-size-default\">Valorile noastre<\/h3>\t\t\t\t<\/div>\n\t\t\t\t<div class=\"elementor-element elementor-element-1b2e6266 elementor-widget__width-inherit elementor-widget elementor-widget-text-editor\" data-id=\"1b2e6266\" data-element_type=\"widget\" data-widget_type=\"text-editor.default\">\n\t\t\t\t\t\t\t\t\t<ul data-start=\"1313\" data-end=\"1708\"><li data-start=\"1313\" data-end=\"1389\"><p data-start=\"1315\" data-end=\"1389\"><strong data-start=\"1315\" data-end=\"1331\">Transparen\u0163\u0103<\/strong>: vezi clar pre\u0163urile, reducerile, costurile de livrare.<\/p><\/li><li data-start=\"1392\" data-end=\"1501\"><p data-start=\"1394\" data-end=\"1501\"><strong data-start=\"1394\" data-end=\"1416\">Calitate &amp; valoare<\/strong>: selec\u0163ion\u0103m produse cu bun raport calitate\/pre\u0163, pentru a-\u0163i aduce valoare real\u0103.<\/p><\/li><li data-start=\"1504\" data-end=\"1591\"><p data-start=\"1506\" data-end=\"1591\"><strong data-start=\"1506\" data-end=\"1528\">Satisfac\u0163ie client<\/strong>: serviciu rapid, suport u\u015for accesibil \u015fi livrare punctual\u0103.<\/p><\/li><li data-start=\"1594\" data-end=\"1704\"><p data-start=\"1596\" data-end=\"1704\"><strong data-start=\"1596\" data-end=\"1608\">Dinamism<\/strong>: oferim reduceri s\u0103pt\u0103m\u00e2nale, produse noi \u00een stoc constant, pentru ca tu s\u0103 revii cu pl\u0103cere.<\/p><\/li><\/ul><p data-start=\"1711\" data-end=\"2044\"><strong data-start=\"1711\" data-end=\"1733\">Ce ne diferen\u0163iaz\u0103<\/strong><br data-start=\"1733\" data-end=\"1736\" \/>Spre deosebire de alte magazine online, la Premium Shop CLT ne adapt\u0103m rapid: dac\u0103 observ\u0103m cerere pentru un anumit tip de produs, \u00eel aducem \u015fi \u00eel punem \u00een ofert\u0103. \u00cen plus, vei g\u0103si \u00een fiecare s\u0103pt\u0103m\u00e2n\u0103 sec\u0163iunea \u201eOfert\u0103 s\u0103pt\u0103m\u00e2nii\u201d cu pre\u0163 redus accentuat \u2014 perfect dac\u0103 vrei s\u0103 profi\u0163i de oportunit\u0103\u0163i.<\/p><p>\u00a0<\/p><p data-start=\"2051\" data-end=\"2350\"><strong data-start=\"2051\" data-end=\"2075\">Invita\u0163ie c\u0103tre tine<\/strong><br data-start=\"2075\" data-end=\"2078\" \/>Ne dorim s\u0103 fii parte din comunitatea noastr\u0103 de clien\u0163i mul\u0163umi\u0163i. Exploreaz\u0103 catalogul, activeaz\u0103 alerte de reduceri, aboneaz\u0103-te la newsletter pentru a fi primul care afl\u0103 despre ofertele super-avantajoase. Mul\u0163umim c\u0103 ne alegi \u2013 \u015fi bine ai venit la Premium Shop CLT!<\/p>\t\t\t\t\t\t\t\t<\/div>\n\t\t\t\t\t<\/div>\n\t\t\t\t<\/div>\n\t\t<div class=\"elementor-element elementor-element-1251f9d6 e-con-full e-flex e-con e-parent\" data-id=\"1251f9d6\" data-element_type=\"container\">\n\t\t\t\t<div class=\"elementor-element elementor-element-4890e5d6 elementor-widget-divider--view-line elementor-widget elementor-widget-divider\" data-id=\"4890e5d6\" data-element_type=\"widget\" data-widget_type=\"divider.default\">\n\t\t\t\t\t\t\t<div class=\"elementor-divider\">\n\t\t\t<span class=\"elementor-divider-separator\">\n\t\t\t\t\t\t<\/span>\n\t\t<\/div>\n\t\t\t\t\t\t<\/div>\n\t\t\t\t<\/div>\n\t\t\t\t<\/div>\n\t\t","protected":false},"excerpt":{"rendered":"<p>Cine suntem Bine ai venit la Premium Shop CLT \u2013 magazinul online unde g\u0103se\u015fti produse diverse, la pre\u0163uri mici \u015fi cu oferte speciale \u00een fiecare s\u0103pt\u0103m\u00e2n\u0103. Suntem prezen\u0163i pe pia\u0163a din Rom\u00e2nia cu un singur scop: s\u0103 \u00ee\u0163i oferim un mod rapid, sigur \u015fi avantajos de a face cump\u0103r\u0103turi online. \u00a0 Misiunea noastr\u0103Ne dorim s\u0103 [&hellip;]<\/p>\n","protected":false},"author":1,"featured_media":0,"parent":0,"menu_order":0,"comment_status":"closed","ping_status":"closed","template":"","meta":{"footnotes":""},"class_list":["post-9588","page","type-page","status-publish","hentry"],"brizy_media":[],"_links":{"self":[{"href":"https:\/\/premiumshopclt.com\/index.php?rest_route=\/wp\/v2\/pages\/9588","targetHints":{"allow":["GET"]}}],"collection":[{"href":"https:\/\/premiumshopclt.com\/index.php?rest_route=\/wp\/v2\/pages"}],"about":[{"href":"https:\/\/premiumshopclt.com\/index.php?rest_route=\/wp\/v2\/types\/page"}],"author":[{"embeddable":true,"href":"https:\/\/premiumshopclt.com\/index.php?rest_route=\/wp\/v2\/users\/1"}],"replies":[{"embeddable":true,"href":"https:\/\/premiumshopclt.com\/index.php?rest_route=%2Fwp%2Fv2%2Fcomments&post=9588"}],"version-history":[{"count":4,"href":"https:\/\/premiumshopclt.com\/index.php?rest_route=\/wp\/v2\/pages\/9588\/revisions"}],"predecessor-version":[{"id":10558,"href":"https:\/\/premiumshopclt.com\/index.php?rest_route=\/wp\/v2\/pages\/9588\/revisions\/10558"}],"wp:attachment":[{"href":"https:\/\/premiumshopclt.com\/index.php?rest_route=%2Fwp%2Fv2%2Fmedia&parent=9588"}],"curies":[{"name":"wp","href":"https:\/\/api.w.org\/{rel}","templated":true}]}}